0) is divided by f.
16
Let q(n) = -n**3 + 2*n**2 - 1. Let v be q(4). What is the remainder when 2/3*v/(-2) is divided by 7?
4
Let m = 26 + 8. Let l = 43 + -25. Calculate the remainder when m is divided by l.
16
Let v = 63 + -42. Let l(o) = 40*o**2 + o - 1. Calculate the remainder when l(1) is divided by v.
19
Calculate the remainder when (-1059)/(-27) + 2 + (-20)/9 is divided by 14.
11
Suppose 0 = -c - 3*k, 59 - 9 = 4*c + 2*k. Let g = 17 - c. Calculate the remainder when 6 is divided by g.
0
Suppose 2*r = 4*y + 20, -5*r + y + 20 = -3*y. Suppose r = 2*o + 4*d - 34, -3*o - 2*o - 4*d + 55 = 0. Calculate the remainder when 27 is divided by o.
6
Let z(k) = -k**3 + 9*k**2 - 8*k + 5. Let d(h) = -h**2 - 11*h - 3. Suppose 0 = -3*u - 4 - 26. Let n be d(u). What is the remainder when z(n) is divided by 16?
15
Suppose 5*x - 19 = 31. Suppose -m = 3*k - 18 - 5, x = 2*m. Suppose 0 = k*n - n - 10. What is the remainder when 5 is divided by n?
1
Suppose 2*d = d + s - 6, 15 = 5*d + 4*s. Suppose 13 = 3*v - 4*z, -v - 2*v - 5*z = -58. What is the remainder when -5*(d + (-27)/5) is divided by v?
10
Let w = 60 - 35. What is the remainder when w is divided by 9?
7
Let u = -7 - -39. Suppose -2*b = -6*b + u. Calculate the remainder when b is divided by 3.
2
Let v = 122 + -72. What is the remainder when v is divided by 26?
24
Let k = 10 + -8. Calculate the remainder when k is divided by 1.
0
Let c = -12 - -9. What is the remainder when 17 is divided by 2/c*(-13 - 2)?
7
Suppose k + 6 = 3*f - k, 0 = 5*k. Suppose 4*d = 4*y - 32, -3*d - 4*y - 19 = -6*y. Calculate the remainder when ((-1)/d)/((-2)/(-12)) is divided by f.
0
Suppose 0 = 5*h - 38 - 27. What is the remainder when 37 is divided by h?
11
Let q(t) = -2*t**3 - 4*t**2 + 4*t + 1. Let m = 129 + -116. Calculate the remainder when q(-4) is divided by m.
10
Let o be (-1)/(-2) - 84/(-8). Suppose u = o + 10. Calculate the remainder when u is divided by 11.
10
Let r = -12 - -17. Suppose 0 = -s + r - 1, 2*l - 4*s = 0. Calculate the remainder when 13 is divided by l.
5
Let c(z) = z**3 - z**2 + 108. Let a be c(0). Suppose -5*y - 2*r - r = -9, 4*y = 3*r + 18. Suppose k + y*k = a. What is the remainder when 52 is divided by k?
25
Let p = 4 - 1. What is the remainder when 11 is divided by p?
2
Suppose 0 = -3*l + 6*l + 12. What is the remainder when 53 is divided by (-165)/(-6) - 2/l?
25
Suppose 3*l - 21 - 36 = 0. Calculate the remainder when l is divided by (2/3)/(4/60).
9
Let v(g) be the third derivative of 7*g**4/6 - g**3/6 + g**2. Let a be v(2). Suppose 0 = 9*l - 4*l - a. Calculate the remainder when 31 is divided by l.
9
Suppose 0 = 3*h, 0*h + 3*h = -3*p. Suppose -3*m = -p*m - 18. What is the remainder when 21 is divided by m?
3
Suppose -5 - 4 = -3*h. Suppose 0 = -h*n - n + 16. Suppose 8 + 0 = n*c. What is the remainder when 3 is divided by c?
1
Let f(j) = -j - 2. Let c be f(-5). Suppose -62 = -5*k - 2*o, c*o = -4*k - o + 52. Calculate the remainder when (-416)/(-19) + (-6)/(-57) is divided by k.
10
Suppose -2*z + 20 = 2*z. Suppose -z*f + 148 = 2*y - 0*f, 0 = 2*y + 3*f - 140. Let k = y + -39. Calculate the remainder when k is divided by 13.
12
Suppose -8*o - 3*o + 275 = 0. Calculate the remainder when o is divided by 10.
5
Let a = 114 + -44. What is the remainder when a is divided by 24?
22
Suppose -4*n = -2 - 10. Suppose -4*k + 15 = -n*k. Suppose -k = -2*b + 61. Calculate the remainder when b is divided by 13.
12
Suppose 0 = -4*c - 6 - 6. Calculate the remainder when 16 is divided by (2 - (-5)/c)*27.
7
Suppose 0 = -5*v + 17 - 67. Suppose 2*l = -2*c + 66, 0 = 3*l + 2*l + 2*c - 174. Calculate the remainder when 16 is divided by (l/v)/(8/(-20)).
7
Let y = -27 + 45. Let n(w) = -w**2 - 8*w - 5. What is the remainder when y is divided by n(-6)?
4
Let g be 3/((-1)/(-173)*3). Suppose 4*s - 2*q = 188, 5*s - 2*q - 64 = g. What is the remainder when s is divided by 17?
15
Let j(z) be the first derivative of 4*z**3/3 + z**2 + 3*z + 4. What is the remainder when j(-2) is divided by 6?
3
Let p(w) = 42*w + 7. Calculate the remainder when p(1) is divided by 10.
9
Suppose -2*w + 5*w = 12. Suppose 0 = -5*j + w*j + 9. Calculate the remainder when 32 is divided by j.
5
Let w(i) = i**3 - 2*i**2 + 3*i - 3. Let p be w(2). Suppose p*o + 4 = 91. Calculate the remainder when o is divided by 15.
14
Suppose -s + 0*s - 4*f = 27, -69 = 5*s - 2*f. Let m = s + 24. Calculate the remainder when m is divided by 7.
2
Let g(k) = 0*k + k + 4 - 2*k. Let m = 2 + -5. Calculate the remainder when g(m) is divided by 3.
1
Suppose -7*m = -27 - 106. Calculate the remainder when 51 is divided by m.
13
Suppose -f + 5*u = -0*f + 5, 0 = 5*f - 5*u + 65. Let p = f + 37. Calculate the remainder when p is divided by 12.
10
Suppose -11*k - 42 = -207. What is the remainder when k is divided by ((1 - 4) + 1)*-3?
3
Suppose 3*x = x + 4. Suppose -x*v - 1 = -73. Suppose -3*q + v = -0*n + n, 5*q + 160 = 5*n. What is the remainder when n is divided by 17?
16
Suppose -45 = -s - 2*s + 5*t, 0 = 3*s + t - 45. Let c = 0 + s. What is the remainder when -3*(-4)/(-15)*-55 is divided by c?
14
Suppose -5*f = 20, w - f + 52 = 3*w. What is the remainder when w is divided by 16?
12
Suppose 36 = 5*o - 4*o. Suppose -4*x = -3*j - x + o, j + x = 6. Let l(z) = 2*z + 5. What is the remainder when l(6) is divided by j?
8
Let f = 292 + -187. Calculate the remainder when f is divided by 36.
33
Let y(v) = 3*v + 27. Let b(i) = -1. Let u(n) = -15*b(n) - y(n). Let o(z) = 2*z**2 + 3*z - 3. Calculate the remainder when u(-11) is divided by o(2).
10
Suppose -2*n + 196 = -180. Calculate the remainder when n is divided by 38.
36
Let a be -6 + 5 + -8 + 1. Let v = a + 9. Calculate the remainder when (-1)/((-1)/(-4)*-2) is divided by v.
0
Suppose -45 = -5*p + 5*l, -2*l + 0*l + 2 = 3*p. Suppose 6*a - a - 12 = -2*u, -12 = -p*a - 4*u. What is the remainder when 2 is divided by a?
0
Suppose g + 5*x = -2*g + 75, g - 5 = 5*x. What is the remainder when 37 is divided by g?
17
Let d = 24 + -16. What is the remainder when 46 is divided by d?
6
Let c = -95 + 104. Suppose 5 = -5*o - 10. Calculate the remainder when (-14)/(-4)*(-30)/o is divided by c.
8
Suppose 5*p + 9 = q, 0 = 4*p + 8 + 4. What is the remainder when 5 is divided by ((-9)/q)/((-6)/(-8))?
1
Suppose -4*m = -2*m - 2*o - 16, 0 = m + 4*o + 7. Suppose -8*h + 4*h - a + 437 = 0, m*h - 3*a = 525. Calculate the remainder when h is divided by 37.
34
What is the remainder when 141*(1 + 4/(-12)) is divided by 8?
6
Let r(o) = -o**2 + 22*o - 6. Calculate the remainder when r(12) is divided by 9.
6
Suppose c + 2 = 0, 2*c - 10 = 4*o + 5*c. Suppose -4*x = 2*q - q, 2*q - 15 = -5*x. Calculate the remainder when q is divided by 0 - (6 - -1)*o.
6
Let a(g) = g**2 - 4*g + 5. Let s(c) be the second derivative of c**4/12 + c**3/6 - 3*c**2/2 - 2*c. What is the remainder when s(5) is divided by a(5)?
7
Suppose 130 + 47 = 3*o. Calculate the remainder when 172 is divided by o.
54
Let w(q) = q - 10. Let t be w(10). Suppose 2*s = -t*s + 38. What is the remainder when 75 is divided by s?
18
Let p(q) be the third derivative of -q**4/6 - 4*q**3/3 + q**2. Calculate the remainder when 30 is divided by p(-6).
14
Let h(s) = -7*s**2 + 8*s - 8. Let l(p) = -p**2 + p - 1. Let a(b) = 3*h(b) - 24*l(b). What is the remainder when 8 is divided by a(1)?
2
Let z(g) = g**2 - 6*g - 22. What is the remainder when 61 is divided by z(-4)?
7
Let i = 73 + -46. What is the remainder when i is divided by 3?
0
Let i be (-213)/6*(0 - -18). What is the remainder when i/(-12) + 4/(-16) is divided by 14?
11
Let y = 46 + -6. Suppose -6*r + y = -r. Calculate the remainder when r is divided by 5.
3
Suppose -4*t = 5*q - 23 - 64, 8 = t + 4*q. Suppose -87 = -3*r + 4*s + 17, -r + 3*s = -t. Calculate the remainder when r is divided by 14.
12
Suppose 0 = -2*y - 1 + 13. Let d(r) = 2*r**2 - 2*r - 1. Suppose -8 = 4*p + 4*k, -2*k = 3*p + 3 + 3. What is the remainder when d(p) is divided by y?
5
Let s(y) = 2*y**2 - 7*y + 5. Let g(t) = 1 - 1 - 3*t - 6. Calculate the remainder when s(6) is divided by g(-6).
11
Suppose -4*h - y = 58, h - 6*h + 3*y = 64. Calculate the remainder when 23 is divided by ((-24)/28)/(1/h).
11
Let n = 34 - 24. Let k be (8 - 2)/((-9)/(-6)). Suppose c + 142 = 5*f, k*f - c - c = 110. Calculate the remainder when f is